 0 = 4*q + 8, -2*f + 3*q + 51 - 3 = 0. Let g = 1468 - 951. Let m be g/77 + 2/7. Calculate the highest common divisor of f and m.
7
Let g(l) = l**2 + 8*l + 4. Let d be g(-7). Let i = 1 - d. Suppose 2*v + 4*h = -8, 4*v = -h - 0*h + 12. What is the greatest common divisor of v and i?
4
Let u = -6 - -7. Let x be (1 + -2)*-5 + u. Let h be 1/(-2) + 39/x. Calculate the highest common factor of h and 48.
6
Let h be 2/8 - (-2)/(-8). Suppose 5*b = 5*t - 186 - 114, b + 4*t = -40. Let j be (h - 1 - b)*1. Calculate the greatest common factor of 22 and j.
11
Let u(y) = -y**3 + 16*y**2 - 13*y - 5. Let p = 42 - 27. Let f be u(p). Calculate the greatest common factor of f and 5.
5
Let m = 9 - 4. Suppose -4*j + 5*g + 35 = 4*g, m*g - 5 = 0. Let l be (-8)/10*(-15)/2. Calculate the greatest common factor of j and l.
3
Suppose -2*p + 442 = 3*l + l, 0 = 5*l + 2*p - 554. What is the greatest common factor of l and 14?
14
Suppose -1 = -d, -4*d - 1 - 19 = -2*u. Calculate the highest common factor of 36 and u.
12
Let p be 4/(-18) + 94/18. Suppose 0*d + 180 = -5*d. Let z = 37 + d. Calculate the greatest common divisor of z and p.
1
Let y = 46 + -25. What is the highest common factor of 21 and y?
21
Suppose 5*b + 30 - 10 = 0. Let n(p) = p**3 + 5*p**2 + 2*p. Let g be n(b). Calculate the greatest common factor of 12 and g.
4
Suppose 0 = -r + 3*b - 26, -3*r - 3*b = 2*r + 40. Let a be (-14 - (-3 + 3))*r. Calculate the greatest common divisor of 14 and a.
14
Let g(h) = h - 6. Let c be g(8). Suppose -5*m - 4*t + 24 = 0, -c*t + 4 = 2*m - 6. What is the highest common divisor of 4 and m?
4
Let s = 0 + -3. Let r be (1 - 3) + (-18)/s. Let m be (4/(-6))/(r/(-30)). What is the greatest common factor of m and 45?
5
Let i = 9 + -1. Suppose v + v - i = 0. Suppose 0 = -v*o + n - 14 + 81, 0 = 5*n + 15. Calculate the highest common divisor of o and 2.
2
Let o be ((-901)/3)/((-4)/(-12)). Let a = -1338 - o. Let l = a + 712. Calculate the greatest common factor of l and 25.
25
Let z(f) = -f**2 - 4*f - 2. Let s be z(-3). Suppose 5*t - 19 = s. What is the greatest common factor of t and 2?
2
Suppose -3*y - 12 = 0, -y - 22 = -3*r + 2*r. Calculate the highest common divisor of 6 and r.
6
Suppose -3*a = -2*g - 22, 3*a + 3*g = 4*g + 26. Let m(i) = -i**2 + 30. Let s be m(0). What is the greatest common factor of s and a?
10
Let m = 66 - -4. Calculate the highest common divisor of 175 and m.
35
Let n = -3 + 42. Calculate the greatest common divisor of n and 78.
39
Let d = 545 - 369. Calculate the greatest common divisor of 22 and d.
22
Suppose 2*c - 11 = -7. Calculate the greatest common factor of c and 22.
2
Suppose -3*s + 67 = z, 3*s + 6*z - 3*z = 57. Calculate the greatest common factor of 36 and s.
12
Let v = 2 + 10. Let z be 2/7 + (-164)/(-14). Calculate the greatest common factor of z and v.
12
Let w = -107 - -116. What is the highest common factor of w and 12?
3
Let d(p) = 4*p - 2. Suppose 12 = t + 3*t. Let u be d(t). Suppose -3*h - 175 - 173 = -4*y, 372 = 4*y + 3*h. What is the greatest common divisor of y and u?
10
Suppose c = -6*u + 3*u + 75, -5*u = 3*c - 121. Let j be 2/5 + 376/10. Suppose j = 4*w - u. Calculate the greatest common divisor of w and 112.
16
Let w = -3 - 1. Let f be (3/1 + w)*-28. What is the greatest common divisor of f and 14?
14
Suppose -17*n + 21*n - 44 = 0. Let y = 31 + -20. What is the highest common divisor of y and n?
11
Suppose 0 = 2*y - 3*r - 12 - 18, -4*r = 0. What is the greatest common factor of y and 30?
15
Suppose 5*p - 107 = 18. What is the highest common divisor of p and 5?
5
Let g be (0 - -16)*(3 - 2). Let n = 51 - g. What is the greatest common factor of 7 and n?
7
Suppose 10 = -r - 3*w, 0*w + 15 = r - 2*w. Calculate the greatest common divisor of 1 and r.
1
Let o = 21 + 46. Let v = 101 - o. What is the greatest common divisor of 51 and v?
17
Let d(p) = 4*p**3 - 2*p**2 + 3*p + 4. Let i be d(3). Let y = i - 55. What is the greatest common factor of 16 and y?
16
Let g(a) = -a + 12. Let y be g(0). Let n be (-6)/((15/y)/(-5)). What is the highest common factor of n and 60?
12
Suppose s + u = 40, 0*u - 5*u = -4*s + 115. Let n = 29 + s. Suppose 4*x - 10*x + 48 = 0. Calculate the highest common factor of n and x.
8
Suppose -y = 3*y - 148. Suppose 4*s - 53 = -4*x - 17, 3*x - y = 2*s. Suppose -h - 121 = -2*h. Calculate the greatest common factor of h and x.
11
Let h(x) = 5*x + 3. Let r(s) = -9*s - 5. Let z(i) = -7*h(i) - 4*r(i). Let a be z(8). Suppose 6*f - 140 = f. What is the greatest common factor of a and f?
7
Let p = 42 + 57. What is the highest common factor of p and 9?
9
Suppose 4*q - 35 = -3*g + 2*g, -2*q - 4*g = 0. Calculate the greatest common divisor of 5 and q.
5
Let l(i) = -i**3 + 14*i**2 - 18*i - 22. Let q be l(10). Calculate the highest common factor of 36 and q.
18
Suppose 2*q - 13 = -3. Suppose -45 = -q*p + 10. What is the highest common factor of p and 99?
11
Let i = -7 - -28. Let k be (-6)/(-21) + (-47)/(-7). What is the highest common divisor of k and i?
7
Let w(z) = -z**3 - 2*z**2 + 3*z + 3. Let x be (-6 - -5)*(-2 - 0). Suppose x*b + 0 = -6. Let p be w(b). Calculate the highest common factor of 33 and p.
3
Let b be (-3094)/(-28) + (-2)/4. What is the greatest common factor of b and 10?
10
Suppose 9*t + 5*s - 118 = 6*t, 5*s = 25. Calculate the greatest common factor of 124 and t.
31
Let h(c) = -2*c + 3. Let w be h(-6). Let t be (-5 - -2 - -1) + 7. Calculate the highest common divisor of w and t.
5
Let g(i) = -i**3 + 8*i**2 + 7*i + 1. Let w be g(7). What is the highest common factor of w and 9?
9
Suppose 3*v + v - 2*g = 0, 4*g = -4*v. Let q = 42 + 2. Suppose 4*b - q = -v*b. Calculate the highest common divisor of b and 88.
11
Let o(h) = h**3 + 7*h**2 - 7*h + 1. Suppose -y - y = 14. Let k be o(y). Let a = -38 - -113. Calculate the greatest common factor of k and a.
25
Suppose 0*h = -3*h + 192. What is the highest common divisor of 16 and h?
16
Let u(r) = r**3 + 6*r**2 - 8*r - 7. Let b be u(-7). Let z(m) = m + 1 + b + 0 - 7*m. Let k be z(-1). Calculate the greatest common factor of 28 and k.
7
Let z = 16 - 24. Let q be (-62 + 0)*20/z. Let y = -47 + q. Calculate the highest common divisor of y and 12.
12
Let k = 327 + -618. Let z = -115 - k. Let u = -7 + 29. Calculate the highest common factor of u and z.
22
Suppose 5*r - 204 = 4*k, 2*k - 2 = -4. What is the highest common divisor of 60 and r?
20
Let i(y) = y**2 + 3*y - 3. Let c be i(3). Let t(s) = 3*s**2. Let b be t(-1). Calculate the highest common factor of c and b.
3
Let r(d) = d**3 + 6*d**2 - 2*d. Let s be r(-6). Calculate the highest common factor of s and 4.
4
Let f(x) = -x + 8. Let b be f(6). Let v be (b + -2 + -2)*-26. What is the greatest common divisor of 13 and v?
13
Suppose x = 4*m + 7, m + 16 = 4*x + x. Let y = m + 22. Calculate the greatest common divisor of y and 21.
21
Let q = 238 + -166. What is the highest common factor of 9 and q?
9
Let m be 251 + (6 - 4)/1. What is the highest common factor of 23 and m?
23
Let j be 8/12 + (-68)/(-6). What is the highest common factor of 4 and j?
4
Let h(i) = -i + 1. Let u be h(6). Let o be (u - 1)*8/(-24). What is the greatest common divisor of 14 and o?
2
Let d = -183 - -264. Let f(w) = 3*w**2 + 3*w + 3. Suppose -4*r = -3*r + 5, 3*s - 3*r - 9 = 0. Let x be f(s). Calculate the highest common divisor of d and x.
9
Let g be (-85)/(-4) - 4/16. Let r be (1 - -15) + (5 - 7). Let o = r + 0. Calculate the greatest common factor of g and o.
7
Let y be (-227)/4 + (-9)/36. Let u be 8/(-56) + y/(-7). What is the greatest common divisor of 64 and u?
8
Let b be ((-48)/14)/((-2)/14). Calculate the greatest common divisor of b and 8.
8
Let v = 101 + -80. What is the greatest common divisor of v and 3?
3
Let c be -259 + -3 + (1 - 0). Let g = c - -450. What is the highest common divisor of 21 and g?
21
Let z = -136 + 160. What is the highest common divisor of 84 and z?
12
Let b = -6 + 10. Suppose s - 2*s + 137 = 5*x, -b*x = -3*s - 121. Suppose 5*z = -4*f - 0*f - 8, -4*z = -4*f + x. What is the greatest common divisor of f and 6?
3
Let q be (0 - 1)/(6/(-60)). Let r = -33 + 76. Suppose -2*m - k + r = 2*m, 5*k = 2*m - 5. What is the highest common factor of m and q?
10
Let n be (-69)/(-15) - 9/15. Suppose 5 + 31 = n*x. Let r be 1/(-2)*-202 + -2. What is the hi